{"id":69520,"date":"2021-05-24T00:50:21","date_gmt":"2021-05-24T00:50:21","guid":{"rendered":"https:\/\/abarevegan.com.br\/?page_id=69520"},"modified":"2021-07-02T13:11:17","modified_gmt":"2021-07-02T13:11:17","slug":"gazeta-entrevista","status":"publish","type":"page","link":"https:\/\/nk7-testes.com.br\/agazeta\/gazeta-entrevista\/","title":{"rendered":"Gazeta Entrevista"},"content":{"rendered":"\t\t\t<div \n\t\t\tclass=\"yotu-playlist yotuwp yotu-limit-min   yotu-thumb-169  yotu-template-grid\" \n\t\t\tdata-page=\"1\"\n\t\t\tid=\"yotuwp-6a0742acafbf2\"\n\t\t\tdata-yotu=\"6a0742ad63aab\"\n\t\t\tdata-total=\"97\"\n\t\t\tdata-settings=\"eyJ0eXBlIjoicGxheWxpc3QiLCJpZCI6IlBMNzhqaXZPelMweGJvWUkzZTNfYWUzYXZJWEw4YU9GRG8iLCJwYWdpbmF0aW9uIjoib24iLCJwYWdpdHlwZSI6InBhZ2VyIiwiY29sdW1uIjoiMiIsInBlcl9wYWdlIjoiMjAiLCJ0ZW1wbGF0ZSI6ImdyaWQiLCJ0aXRsZSI6Im9uIiwiZGVzY3JpcHRpb24iOiJvbiIsInRodW1icmF0aW8iOiIxNjkiLCJtZXRhIjoib2ZmIiwibWV0YV9kYXRhIjoib2ZmIiwibWV0YV9wb3NpdGlvbiI6Im9mZiIsImRhdGVfZm9ybWF0Ijoib2ZmIiwibWV0YV9hbGlnbiI6Im9mZiIsInN1YnNjcmliZSI6Im9mZiIsImR1cmF0aW9uIjoib2ZmIiwibWV0YV9pY29uIjoib2ZmIiwibmV4dHRleHQiOiIiLCJwcmV2dGV4dCI6IiIsImxvYWRtb3JldGV4dCI6IiIsInBsYXllciI6eyJtb2RlIjoibGFyZ2UiLCJ3aWR0aCI6IjYwMCIsInNjcm9sbGluZyI6IjEwMCIsImF1dG9wbGF5IjowLCJjb250cm9scyI6MSwibW9kZXN0YnJhbmRpbmciOjEsImxvb3AiOjAsImF1dG9uZXh0IjowLCJzaG93aW5mbyI6MSwicmVsIjoxLCJwbGF5aW5nIjowLCJwbGF5aW5nX2Rlc2NyaXB0aW9uIjowLCJ0aHVtYm5haWxzIjowLCJjY19sb2FkX3BvbGljeSI6IjEiLCJjY19sYW5nX3ByZWYiOiIxIiwiaGwiOiIiLCJpdl9sb2FkX3BvbGljeSI6IjEifSwibGFzdF90YWIiOiJhcGkiLCJ1c2VfYXNfbW9kYWwiOiJvZmYiLCJtb2RhbF9pZCI6Im9mZiIsImxhc3RfdXBkYXRlIjoiMTcyODg1NDUxMiIsInN0eWxpbmciOnsicGFnZXJfbGF5b3V0IjoiZGVmYXVsdCIsImJ1dHRvbiI6IjEiLCJidXR0b25fY29sb3IiOiIiLCJidXR0b25fYmdfY29sb3IiOiIiLCJidXR0b25fY29sb3JfaG92ZXIiOiIiLCJidXR0b25fYmdfY29sb3JfaG92ZXIiOiIiLCJ2aWRlb19zdHlsZSI6IiIsInBsYXlpY29uX2NvbG9yIjoiIiwiaG92ZXJfaWNvbiI6IiIsImdhbGxlcnlfYmciOiIifSwiZWZmZWN0cyI6eyJ2aWRlb19ib3giOiIiLCJmbGlwX2VmZmVjdCI6IiJ9LCJnYWxsZXJ5X2lkIjoiNmEwNzQyYWNhZmJmMiIsIm5leHQiOiJFQUFhSGxCVU9rTkNVV2xGUkdoRVRsUnNRMDFxVlhoT2FrMHlUVVJvUlZKRVVRIiwicHJldiI6IiJ9\"\n\t\t\tdata-player=\"large\"\n\t\t\tdata-showdesc=\"on\" >\n\t\t\t\t<div>\n\t\t\t\t\t\t\t\t\t\t<div class=\"yotu-wrapper-player\" style=\"width:600px\">\n\t\t\t\t\t\t\t\t\t\t\t\t<div class=\"yotu-player\">\n\t\t\t\t\t\t\t<div class=\"yotu-video-placeholder\" id=\"yotu-player-6a0742ad63aab\"><\/div>\n\t\t\t\t\t\t<\/div>\n\t\t\t\t\t\t<div class=\"yotu-playing-status\"><\/div>\n\t\t\t\t\t\t\t\t\t\t\t<\/div>\n\n\t\t\t\t\t<div class=\"yotu-pagination yotu-pager_layout-default yotu-pagination-top\">\n<a href=\"#\" class=\"yotu-pagination-prev yotu-button-prs yotu-button-prs-1\" data-page=\"prev\">Prev<\/a>\n<span class=\"yotu-pagination-current\">1<\/span> <span>of<\/span> <span class=\"yotu-pagination-total\">97<\/span>\n<a href=\"#\" class=\"yotu-pagination-next yotu-button-prs yotu-button-prs-1\" data-page=\"next\">Next<\/a>\n<\/div>\n<div class=\"yotu-videos yotu-mode-grid yotu-column-2 yotu-player-mode-large\">\n\t<ul>\n\t\t\t\t\t<li class=\" yotu-first\">\n\t\t\t\t\t\t\t\t<a href=\"#IwC2Q9lE6YU\" class=\"yotu-video\" data-videoid=\"IwC2Q9lE6YU\" data-title=\"AO VIVO: Gazeta Entrevista  | 14\/05\/2026 | Afiliada RECORD\" title=\"AO VIVO: Gazeta Entrevista  | 14\/05\/2026 | Afiliada RECORD\">\n\t\t\t\t\t<div class=\"yotu-video-thumb-wrp\">\n\t\t\t\t\t\t<div>\n\t\t\t\t\t\t\t\t\t\t\t\t\t\t<img decoding=\"async\" class=\"yotu-video-thumb\" src=\"https:\/\/i.ytimg.com\/vi\/IwC2Q9lE6YU\/sddefault.jpg\" alt=\"AO VIVO: Gazeta Entrevista  | 14\/05\/2026 | Afiliada RECORD\">\t\n\t\t\t\t\t\t\t\t\t\t\t\t\t<\/div>\n\t\t\t\t\t<\/div>\n\t\t\t\t\t\t\t\t\t\t\t<h3 class=\"yotu-video-title\">AO VIVO: Gazeta Entrevista  | 14\/05\/2026 | Afiliada RECORD<\/h3>\n\t\t\t\t\t\t\t\t\t\t\t\t\t\t\t\t\t\t\t\t\t<div class=\"yotu-video-description\"><\/div>\n\t\t\t\t\t\t\t\t\t<\/a>\n\t\t\t\t\t\t\t<\/li>\n\t\t\t\t\n\t\t\t\t\t\t<li class=\"\">\n\t\t\t\t\t\t\t\t<a href=\"#S6AZfQJGreY\" class=\"yotu-video\" data-videoid=\"S6AZfQJGreY\" data-title=\"AO VIVO: Gazeta Entrevista  | 13\/05\/2026 | Afiliada RECORD\" title=\"AO VIVO: Gazeta Entrevista  | 13\/05\/2026 | Afiliada RECORD\">\n\t\t\t\t\t<div class=\"yotu-video-thumb-wrp\">\n\t\t\t\t\t\t<div>\n\t\t\t\t\t\t\t\t\t\t\t\t\t\t<img decoding=\"async\" class=\"yotu-video-thumb\" src=\"https:\/\/i.ytimg.com\/vi\/S6AZfQJGreY\/sddefault.jpg\" alt=\"AO VIVO: Gazeta Entrevista  | 13\/05\/2026 | Afiliada RECORD\">\t\n\t\t\t\t\t\t\t\t\t\t\t\t\t<\/div>\n\t\t\t\t\t<\/div>\n\t\t\t\t\t\t\t\t\t\t\t<h3 class=\"yotu-video-title\">AO VIVO: Gazeta Entrevista  | 13\/05\/2026 | Afiliada RECORD<\/h3>\n\t\t\t\t\t\t\t\t\t\t\t\t\t\t\t\t\t\t\t\t\t<div class=\"yotu-video-description\"><\/div>\n\t\t\t\t\t\t\t\t\t<\/a>\n\t\t\t\t\t\t\t<\/li>\n\t\t\t\t\n\t\t\t\t\t\t<li class=\"\">\n\t\t\t\t\t\t\t\t<a href=\"#tmQyeGKFeZM\" class=\"yotu-video\" data-videoid=\"tmQyeGKFeZM\" data-title=\"AO VIVO: Gazeta Entrevista  | 12\/05\/2026 | Afiliada RECORD\" title=\"AO VIVO: Gazeta Entrevista  | 12\/05\/2026 | Afiliada RECORD\">\n\t\t\t\t\t<div class=\"yotu-video-thumb-wrp\">\n\t\t\t\t\t\t<div>\n\t\t\t\t\t\t\t\t\t\t\t\t\t\t<img decoding=\"async\" class=\"yotu-video-thumb\" src=\"https:\/\/i.ytimg.com\/vi\/tmQyeGKFeZM\/sddefault.jpg\" alt=\"AO VIVO: Gazeta Entrevista  | 12\/05\/2026 | Afiliada RECORD\">\t\n\t\t\t\t\t\t\t\t\t\t\t\t\t<\/div>\n\t\t\t\t\t<\/div>\n\t\t\t\t\t\t\t\t\t\t\t<h3 class=\"yotu-video-title\">AO VIVO: Gazeta Entrevista  | 12\/05\/2026 | Afiliada RECORD<\/h3>\n\t\t\t\t\t\t\t\t\t\t\t\t\t\t\t\t\t\t\t\t\t<div class=\"yotu-video-description\"><\/div>\n\t\t\t\t\t\t\t\t\t<\/a>\n\t\t\t\t\t\t\t<\/li>\n\t\t\t\t\n\t\t\t\t\t\t<li class=\"\">\n\t\t\t\t\t\t\t\t<a href=\"#N7qFf4ucPd4\" class=\"yotu-video\" data-videoid=\"N7qFf4ucPd4\" data-title=\"AO VIVO: Gazeta Entrevista  | 11\/05\/2026 | Afiliada RECORD\" title=\"AO VIVO: Gazeta Entrevista  | 11\/05\/2026 | Afiliada RECORD\">\n\t\t\t\t\t<div class=\"yotu-video-thumb-wrp\">\n\t\t\t\t\t\t<div>\n\t\t\t\t\t\t\t\t\t\t\t\t\t\t<img decoding=\"async\" class=\"yotu-video-thumb\" src=\"https:\/\/i.ytimg.com\/vi\/N7qFf4ucPd4\/sddefault.jpg\" alt=\"AO VIVO: Gazeta Entrevista  | 11\/05\/2026 | Afiliada RECORD\">\t\n\t\t\t\t\t\t\t\t\t\t\t\t\t<\/div>\n\t\t\t\t\t<\/div>\n\t\t\t\t\t\t\t\t\t\t\t<h3 class=\"yotu-video-title\">AO VIVO: Gazeta Entrevista  | 11\/05\/2026 | Afiliada RECORD<\/h3>\n\t\t\t\t\t\t\t\t\t\t\t\t\t\t\t\t\t\t\t\t\t<div class=\"yotu-video-description\"><\/div>\n\t\t\t\t\t\t\t\t\t<\/a>\n\t\t\t\t\t\t\t<\/li>\n\t\t\t\t\n\t\t\t\t\t\t<li class=\"\">\n\t\t\t\t\t\t\t\t<a href=\"#enbHt8KmN8k\" class=\"yotu-video\" data-videoid=\"enbHt8KmN8k\" data-title=\"AO VIVO: Gazeta Entrevista  | 08\/05\/2026 | Afiliada RECORD\" title=\"AO VIVO: Gazeta Entrevista  | 08\/05\/2026 | Afiliada RECORD\">\n\t\t\t\t\t<div class=\"yotu-video-thumb-wrp\">\n\t\t\t\t\t\t<div>\n\t\t\t\t\t\t\t\t\t\t\t\t\t\t<img decoding=\"async\" class=\"yotu-video-thumb\" src=\"https:\/\/i.ytimg.com\/vi\/enbHt8KmN8k\/sddefault.jpg\" alt=\"AO VIVO: Gazeta Entrevista  | 08\/05\/2026 | Afiliada RECORD\">\t\n\t\t\t\t\t\t\t\t\t\t\t\t\t<\/div>\n\t\t\t\t\t<\/div>\n\t\t\t\t\t\t\t\t\t\t\t<h3 class=\"yotu-video-title\">AO VIVO: Gazeta Entrevista  | 08\/05\/2026 | Afiliada RECORD<\/h3>\n\t\t\t\t\t\t\t\t\t\t\t\t\t\t\t\t\t\t\t\t\t<div class=\"yotu-video-description\"><\/div>\n\t\t\t\t\t\t\t\t\t<\/a>\n\t\t\t\t\t\t\t<\/li>\n\t\t\t\t\n\t\t\t\t\t\t<li class=\"\">\n\t\t\t\t\t\t\t\t<a href=\"#38DGnc8Zwgc\" class=\"yotu-video\" data-videoid=\"38DGnc8Zwgc\" data-title=\"AO VIVO: Gazeta Entrevista  | 07\/05\/2026 | Afiliada RECORD\" title=\"AO VIVO: Gazeta Entrevista  | 07\/05\/2026 | Afiliada RECORD\">\n\t\t\t\t\t<div class=\"yotu-video-thumb-wrp\">\n\t\t\t\t\t\t<div>\n\t\t\t\t\t\t\t\t\t\t\t\t\t\t<img decoding=\"async\" class=\"yotu-video-thumb\" src=\"https:\/\/i.ytimg.com\/vi\/38DGnc8Zwgc\/sddefault.jpg\" alt=\"AO VIVO: Gazeta Entrevista  | 07\/05\/2026 | Afiliada RECORD\">\t\n\t\t\t\t\t\t\t\t\t\t\t\t\t<\/div>\n\t\t\t\t\t<\/div>\n\t\t\t\t\t\t\t\t\t\t\t<h3 class=\"yotu-video-title\">AO VIVO: Gazeta Entrevista  | 07\/05\/2026 | Afiliada RECORD<\/h3>\n\t\t\t\t\t\t\t\t\t\t\t\t\t\t\t\t\t\t\t\t\t<div class=\"yotu-video-description\"><\/div>\n\t\t\t\t\t\t\t\t\t<\/a>\n\t\t\t\t\t\t\t<\/li>\n\t\t\t\t\n\t\t\t\t\t\t<li class=\"\">\n\t\t\t\t\t\t\t\t<a href=\"#Nz_LPmK-4aw\" class=\"yotu-video\" data-videoid=\"Nz_LPmK-4aw\" data-title=\"AO VIVO: Gazeta Entrevista  | 06\/05\/2026 | Afiliada RECORD\" title=\"AO VIVO: Gazeta Entrevista  | 06\/05\/2026 | Afiliada RECORD\">\n\t\t\t\t\t<div class=\"yotu-video-thumb-wrp\">\n\t\t\t\t\t\t<div>\n\t\t\t\t\t\t\t\t\t\t\t\t\t\t<img decoding=\"async\" class=\"yotu-video-thumb\" src=\"https:\/\/i.ytimg.com\/vi\/Nz_LPmK-4aw\/sddefault.jpg\" alt=\"AO VIVO: Gazeta Entrevista  | 06\/05\/2026 | Afiliada RECORD\">\t\n\t\t\t\t\t\t\t\t\t\t\t\t\t<\/div>\n\t\t\t\t\t<\/div>\n\t\t\t\t\t\t\t\t\t\t\t<h3 class=\"yotu-video-title\">AO VIVO: Gazeta Entrevista  | 06\/05\/2026 | Afiliada RECORD<\/h3>\n\t\t\t\t\t\t\t\t\t\t\t\t\t\t\t\t\t\t\t\t\t<div class=\"yotu-video-description\"><\/div>\n\t\t\t\t\t\t\t\t\t<\/a>\n\t\t\t\t\t\t\t<\/li>\n\t\t\t\t\n\t\t\t\t\t\t<li class=\"\">\n\t\t\t\t\t\t\t\t<a href=\"#j8-5gy_DWm4\" class=\"yotu-video\" data-videoid=\"j8-5gy_DWm4\" data-title=\"Acidente fatal \u00e9 registrado ap\u00f3s motociclista perder o controle na avenida Ant\u00f4nio da Rocha Viana\" title=\"Acidente fatal \u00e9 registrado ap\u00f3s motociclista perder o controle na avenida Ant\u00f4nio da Rocha Viana\">\n\t\t\t\t\t<div class=\"yotu-video-thumb-wrp\">\n\t\t\t\t\t\t<div>\n\t\t\t\t\t\t\t\t\t\t\t\t\t\t<img decoding=\"async\" class=\"yotu-video-thumb\" src=\"https:\/\/i.ytimg.com\/vi\/j8-5gy_DWm4\/sddefault.jpg\" alt=\"Acidente fatal \u00e9 registrado ap\u00f3s motociclista perder o controle na avenida Ant\u00f4nio da Rocha Viana\">\t\n\t\t\t\t\t\t\t\t\t\t\t\t\t<\/div>\n\t\t\t\t\t<\/div>\n\t\t\t\t\t\t\t\t\t\t\t<h3 class=\"yotu-video-title\">Acidente fatal \u00e9 registrado ap\u00f3s motociclista perder o controle na avenida Ant\u00f4nio da Rocha Viana<\/h3>\n\t\t\t\t\t\t\t\t\t\t\t\t\t\t\t\t\t\t\t\t\t<div class=\"yotu-video-description\"><\/div>\n\t\t\t\t\t\t\t\t\t<\/a>\n\t\t\t\t\t\t\t<\/li>\n\t\t\t\t\n\t\t\t\t\t\t<li class=\"\">\n\t\t\t\t\t\t\t\t<a href=\"#3Drcfz_Wx2o\" class=\"yotu-video\" data-videoid=\"3Drcfz_Wx2o\" data-title=\"AO VIVO: Gazeta Entrevista  | 05\/05\/2026 | Afiliada RECORD\" title=\"AO VIVO: Gazeta Entrevista  | 05\/05\/2026 | Afiliada RECORD\">\n\t\t\t\t\t<div class=\"yotu-video-thumb-wrp\">\n\t\t\t\t\t\t<div>\n\t\t\t\t\t\t\t\t\t\t\t\t\t\t<img decoding=\"async\" class=\"yotu-video-thumb\" src=\"https:\/\/i.ytimg.com\/vi\/3Drcfz_Wx2o\/sddefault.jpg\" alt=\"AO VIVO: Gazeta Entrevista  | 05\/05\/2026 | Afiliada RECORD\">\t\n\t\t\t\t\t\t\t\t\t\t\t\t\t<\/div>\n\t\t\t\t\t<\/div>\n\t\t\t\t\t\t\t\t\t\t\t<h3 class=\"yotu-video-title\">AO VIVO: Gazeta Entrevista  | 05\/05\/2026 | Afiliada RECORD<\/h3>\n\t\t\t\t\t\t\t\t\t\t\t\t\t\t\t\t\t\t\t\t\t<div class=\"yotu-video-description\"><\/div>\n\t\t\t\t\t\t\t\t\t<\/a>\n\t\t\t\t\t\t\t<\/li>\n\t\t\t\t\n\t\t\t\t\t\t<li class=\"\">\n\t\t\t\t\t\t\t\t<a href=\"#7vhBt3axVZQ\" class=\"yotu-video\" data-videoid=\"7vhBt3axVZQ\" data-title=\"AO VIVO: Balan\u00e7o Geral  | 05\/05\/2026 | Afiliada RECORD\" title=\"AO VIVO: Balan\u00e7o Geral  | 05\/05\/2026 | Afiliada RECORD\">\n\t\t\t\t\t<div class=\"yotu-video-thumb-wrp\">\n\t\t\t\t\t\t<div>\n\t\t\t\t\t\t\t\t\t\t\t\t\t\t<img decoding=\"async\" class=\"yotu-video-thumb\" src=\"https:\/\/i.ytimg.com\/vi\/7vhBt3axVZQ\/sddefault.jpg\" alt=\"AO VIVO: Balan\u00e7o Geral  | 05\/05\/2026 | Afiliada RECORD\">\t\n\t\t\t\t\t\t\t\t\t\t\t\t\t<\/div>\n\t\t\t\t\t<\/div>\n\t\t\t\t\t\t\t\t\t\t\t<h3 class=\"yotu-video-title\">AO VIVO: Balan\u00e7o Geral  | 05\/05\/2026 | Afiliada RECORD<\/h3>\n\t\t\t\t\t\t\t\t\t\t\t\t\t\t\t\t\t\t\t\t\t<div class=\"yotu-video-description\"><\/div>\n\t\t\t\t\t\t\t\t\t<\/a>\n\t\t\t\t\t\t\t<\/li>\n\t\t\t\t\n\t\t\t\t\t\t<li class=\"\">\n\t\t\t\t\t\t\t\t<a href=\"#7bOELEMnbF4\" class=\"yotu-video\" data-videoid=\"7bOELEMnbF4\" data-title=\"AO VIVO: Gazeta Entrevista  | 04\/05\/2026 | Afiliada RECORD\" title=\"AO VIVO: Gazeta Entrevista  | 04\/05\/2026 | Afiliada RECORD\">\n\t\t\t\t\t<div class=\"yotu-video-thumb-wrp\">\n\t\t\t\t\t\t<div>\n\t\t\t\t\t\t\t\t\t\t\t\t\t\t<img decoding=\"async\" class=\"yotu-video-thumb\" src=\"https:\/\/i.ytimg.com\/vi\/7bOELEMnbF4\/sddefault.jpg\" alt=\"AO VIVO: Gazeta Entrevista  | 04\/05\/2026 | Afiliada RECORD\">\t\n\t\t\t\t\t\t\t\t\t\t\t\t\t<\/div>\n\t\t\t\t\t<\/div>\n\t\t\t\t\t\t\t\t\t\t\t<h3 class=\"yotu-video-title\">AO VIVO: Gazeta Entrevista  | 04\/05\/2026 | Afiliada RECORD<\/h3>\n\t\t\t\t\t\t\t\t\t\t\t\t\t\t\t\t\t\t\t\t\t<div class=\"yotu-video-description\"><\/div>\n\t\t\t\t\t\t\t\t\t<\/a>\n\t\t\t\t\t\t\t<\/li>\n\t\t\t\t\n\t\t\t\t\t\t<li class=\"\">\n\t\t\t\t\t\t\t\t<a href=\"#oiHIh5ONw-4\" class=\"yotu-video\" data-videoid=\"oiHIh5ONw-4\" data-title=\"AO VIVO: Gazeta Entrevista  | 01\/05\/2026 | Afiliada RECORD\" title=\"AO VIVO: Gazeta Entrevista  | 01\/05\/2026 | Afiliada RECORD\">\n\t\t\t\t\t<div class=\"yotu-video-thumb-wrp\">\n\t\t\t\t\t\t<div>\n\t\t\t\t\t\t\t\t\t\t\t\t\t\t<img decoding=\"async\" class=\"yotu-video-thumb\" src=\"https:\/\/i.ytimg.com\/vi\/oiHIh5ONw-4\/sddefault.jpg\" alt=\"AO VIVO: Gazeta Entrevista  | 01\/05\/2026 | Afiliada RECORD\">\t\n\t\t\t\t\t\t\t\t\t\t\t\t\t<\/div>\n\t\t\t\t\t<\/div>\n\t\t\t\t\t\t\t\t\t\t\t<h3 class=\"yotu-video-title\">AO VIVO: Gazeta Entrevista  | 01\/05\/2026 | Afiliada RECORD<\/h3>\n\t\t\t\t\t\t\t\t\t\t\t\t\t\t\t\t\t\t\t\t\t<div class=\"yotu-video-description\"><\/div>\n\t\t\t\t\t\t\t\t\t<\/a>\n\t\t\t\t\t\t\t<\/li>\n\t\t\t\t\n\t\t\t\t\t\t<li class=\"\">\n\t\t\t\t\t\t\t\t<a href=\"#b51a9F79JHs\" class=\"yotu-video\" data-videoid=\"b51a9F79JHs\" data-title=\"AO VIVO: Gazeta Entrevista  | 30\/04\/2026 | Afiliada RECORD\" title=\"AO VIVO: Gazeta Entrevista  | 30\/04\/2026 | Afiliada RECORD\">\n\t\t\t\t\t<div class=\"yotu-video-thumb-wrp\">\n\t\t\t\t\t\t<div>\n\t\t\t\t\t\t\t\t\t\t\t\t\t\t<img decoding=\"async\" class=\"yotu-video-thumb\" src=\"https:\/\/i.ytimg.com\/vi\/b51a9F79JHs\/sddefault.jpg\" alt=\"AO VIVO: Gazeta Entrevista  | 30\/04\/2026 | Afiliada RECORD\">\t\n\t\t\t\t\t\t\t\t\t\t\t\t\t<\/div>\n\t\t\t\t\t<\/div>\n\t\t\t\t\t\t\t\t\t\t\t<h3 class=\"yotu-video-title\">AO VIVO: Gazeta Entrevista  | 30\/04\/2026 | Afiliada RECORD<\/h3>\n\t\t\t\t\t\t\t\t\t\t\t\t\t\t\t\t\t\t\t\t\t<div class=\"yotu-video-description\"><\/div>\n\t\t\t\t\t\t\t\t\t<\/a>\n\t\t\t\t\t\t\t<\/li>\n\t\t\t\t\n\t\t\t\t\t\t<li class=\"\">\n\t\t\t\t\t\t\t\t<a href=\"#f_-OVcW2Fcg\" class=\"yotu-video\" data-videoid=\"f_-OVcW2Fcg\" data-title=\"AO VIVO: Gazeta Entrevista  | 29\/04\/2026 | Afiliada RECORD\" title=\"AO VIVO: Gazeta Entrevista  | 29\/04\/2026 | Afiliada RECORD\">\n\t\t\t\t\t<div class=\"yotu-video-thumb-wrp\">\n\t\t\t\t\t\t<div>\n\t\t\t\t\t\t\t\t\t\t\t\t\t\t<img decoding=\"async\" class=\"yotu-video-thumb\" src=\"https:\/\/i.ytimg.com\/vi\/f_-OVcW2Fcg\/sddefault.jpg\" alt=\"AO VIVO: Gazeta Entrevista  | 29\/04\/2026 | Afiliada RECORD\">\t\n\t\t\t\t\t\t\t\t\t\t\t\t\t<\/div>\n\t\t\t\t\t<\/div>\n\t\t\t\t\t\t\t\t\t\t\t<h3 class=\"yotu-video-title\">AO VIVO: Gazeta Entrevista  | 29\/04\/2026 | Afiliada RECORD<\/h3>\n\t\t\t\t\t\t\t\t\t\t\t\t\t\t\t\t\t\t\t\t\t<div class=\"yotu-video-description\"><\/div>\n\t\t\t\t\t\t\t\t\t<\/a>\n\t\t\t\t\t\t\t<\/li>\n\t\t\t\t\n\t\t\t\t\t\t<li class=\"\">\n\t\t\t\t\t\t\t\t<a href=\"#nuqb0IWfYZY\" class=\"yotu-video\" data-videoid=\"nuqb0IWfYZY\" data-title=\"AO VIVO: Gazeta Entrevista  | 28\/04\/2026 | Afiliada RECORD\" title=\"AO VIVO: Gazeta Entrevista  | 28\/04\/2026 | Afiliada RECORD\">\n\t\t\t\t\t<div class=\"yotu-video-thumb-wrp\">\n\t\t\t\t\t\t<div>\n\t\t\t\t\t\t\t\t\t\t\t\t\t\t<img decoding=\"async\" class=\"yotu-video-thumb\" src=\"https:\/\/i.ytimg.com\/vi\/nuqb0IWfYZY\/sddefault.jpg\" alt=\"AO VIVO: Gazeta Entrevista  | 28\/04\/2026 | Afiliada RECORD\">\t\n\t\t\t\t\t\t\t\t\t\t\t\t\t<\/div>\n\t\t\t\t\t<\/div>\n\t\t\t\t\t\t\t\t\t\t\t<h3 class=\"yotu-video-title\">AO VIVO: Gazeta Entrevista  | 28\/04\/2026 | Afiliada RECORD<\/h3>\n\t\t\t\t\t\t\t\t\t\t\t\t\t\t\t\t\t\t\t\t\t<div class=\"yotu-video-description\"><\/div>\n\t\t\t\t\t\t\t\t\t<\/a>\n\t\t\t\t\t\t\t<\/li>\n\t\t\t\t\n\t\t\t\t\t\t<li class=\"\">\n\t\t\t\t\t\t\t\t<a href=\"#XEMOZspGIiU\" class=\"yotu-video\" data-videoid=\"XEMOZspGIiU\" data-title=\"AO VIVO: Gazeta Entrevista  | 27\/04\/2026 | Afiliada RECORD\" title=\"AO VIVO: Gazeta Entrevista  | 27\/04\/2026 | Afiliada RECORD\">\n\t\t\t\t\t<div class=\"yotu-video-thumb-wrp\">\n\t\t\t\t\t\t<div>\n\t\t\t\t\t\t\t\t\t\t\t\t\t\t<img decoding=\"async\" class=\"yotu-video-thumb\" src=\"https:\/\/i.ytimg.com\/vi\/XEMOZspGIiU\/sddefault.jpg\" alt=\"AO VIVO: Gazeta Entrevista  | 27\/04\/2026 | Afiliada RECORD\">\t\n\t\t\t\t\t\t\t\t\t\t\t\t\t<\/div>\n\t\t\t\t\t<\/div>\n\t\t\t\t\t\t\t\t\t\t\t<h3 class=\"yotu-video-title\">AO VIVO: Gazeta Entrevista  | 27\/04\/2026 | Afiliada RECORD<\/h3>\n\t\t\t\t\t\t\t\t\t\t\t\t\t\t\t\t\t\t\t\t\t<div class=\"yotu-video-description\"><\/div>\n\t\t\t\t\t\t\t\t\t<\/a>\n\t\t\t\t\t\t\t<\/li>\n\t\t\t\t\n\t\t\t\t\t\t<li class=\"\">\n\t\t\t\t\t\t\t\t<a href=\"#VP2WKqYpsVU\" class=\"yotu-video\" data-videoid=\"VP2WKqYpsVU\" data-title=\"AO VIVO: Gazeta Entrevista | 24\/04\/2026 | Afiliada RECORD\" title=\"AO VIVO: Gazeta Entrevista | 24\/04\/2026 | Afiliada RECORD\">\n\t\t\t\t\t<div class=\"yotu-video-thumb-wrp\">\n\t\t\t\t\t\t<div>\n\t\t\t\t\t\t\t\t\t\t\t\t\t\t<img decoding=\"async\" class=\"yotu-video-thumb\" src=\"https:\/\/i.ytimg.com\/vi\/VP2WKqYpsVU\/sddefault.jpg\" alt=\"AO VIVO: Gazeta Entrevista | 24\/04\/2026 | Afiliada RECORD\">\t\n\t\t\t\t\t\t\t\t\t\t\t\t\t<\/div>\n\t\t\t\t\t<\/div>\n\t\t\t\t\t\t\t\t\t\t\t<h3 class=\"yotu-video-title\">AO VIVO: Gazeta Entrevista | 24\/04\/2026 | Afiliada RECORD<\/h3>\n\t\t\t\t\t\t\t\t\t\t\t\t\t\t\t\t\t\t\t\t\t<div class=\"yotu-video-description\"><\/div>\n\t\t\t\t\t\t\t\t\t<\/a>\n\t\t\t\t\t\t\t<\/li>\n\t\t\t\t\n\t\t\t\t\t\t<li class=\"\">\n\t\t\t\t\t\t\t\t<a href=\"#TWfguQcfS0w\" class=\"yotu-video\" data-videoid=\"TWfguQcfS0w\" data-title=\"AO VIVO: Gazeta Entrevista  | 23\/04\/2026 | Afiliada RECORD\" title=\"AO VIVO: Gazeta Entrevista  | 23\/04\/2026 | Afiliada RECORD\">\n\t\t\t\t\t<div class=\"yotu-video-thumb-wrp\">\n\t\t\t\t\t\t<div>\n\t\t\t\t\t\t\t\t\t\t\t\t\t\t<img decoding=\"async\" class=\"yotu-video-thumb\" src=\"https:\/\/i.ytimg.com\/vi\/TWfguQcfS0w\/sddefault.jpg\" alt=\"AO VIVO: Gazeta Entrevista  | 23\/04\/2026 | Afiliada RECORD\">\t\n\t\t\t\t\t\t\t\t\t\t\t\t\t<\/div>\n\t\t\t\t\t<\/div>\n\t\t\t\t\t\t\t\t\t\t\t<h3 class=\"yotu-video-title\">AO VIVO: Gazeta Entrevista  | 23\/04\/2026 | Afiliada RECORD<\/h3>\n\t\t\t\t\t\t\t\t\t\t\t\t\t\t\t\t\t\t\t\t\t<div class=\"yotu-video-description\"><\/div>\n\t\t\t\t\t\t\t\t\t<\/a>\n\t\t\t\t\t\t\t<\/li>\n\t\t\t\t\n\t\t\t\t\t\t<li class=\"\">\n\t\t\t\t\t\t\t\t<a href=\"#aavyGJ_-Oi4\" class=\"yotu-video\" data-videoid=\"aavyGJ_-Oi4\" data-title=\"Bocalom destaca experi\u00eancia e realiza\u00e7\u00f5es em Rio Branco durante campanha\" title=\"Bocalom destaca experi\u00eancia e realiza\u00e7\u00f5es em Rio Branco durante campanha\">\n\t\t\t\t\t<div class=\"yotu-video-thumb-wrp\">\n\t\t\t\t\t\t<div>\n\t\t\t\t\t\t\t\t\t\t\t\t\t\t<img decoding=\"async\" class=\"yotu-video-thumb\" src=\"https:\/\/i.ytimg.com\/vi\/aavyGJ_-Oi4\/sddefault.jpg\" alt=\"Bocalom destaca experi\u00eancia e realiza\u00e7\u00f5es em Rio Branco durante campanha\">\t\n\t\t\t\t\t\t\t\t\t\t\t\t\t<\/div>\n\t\t\t\t\t<\/div>\n\t\t\t\t\t\t\t\t\t\t\t<h3 class=\"yotu-video-title\">Bocalom destaca experi\u00eancia e realiza\u00e7\u00f5es em Rio Branco durante campanha<\/h3>\n\t\t\t\t\t\t\t\t\t\t\t\t\t\t\t\t\t\t\t\t\t<div class=\"yotu-video-description\"><\/div>\n\t\t\t\t\t\t\t\t\t<\/a>\n\t\t\t\t\t\t\t<\/li>\n\t\t\t\t\n\t\t\t\t\t\t<li class=\" yotu-last\">\n\t\t\t\t\t\t\t\t<a href=\"#2KBRzEkrgrY\" class=\"yotu-video\" data-videoid=\"2KBRzEkrgrY\" data-title=\"Tirando o Acre da crise: metas e a\u00e7\u00f5es para transformar o estado, desafio em progresso real\" title=\"Tirando o Acre da crise: metas e a\u00e7\u00f5es para transformar o estado, desafio em progresso real\">\n\t\t\t\t\t<div class=\"yotu-video-thumb-wrp\">\n\t\t\t\t\t\t<div>\n\t\t\t\t\t\t\t\t\t\t\t\t\t\t<img decoding=\"async\" class=\"yotu-video-thumb\" src=\"https:\/\/i.ytimg.com\/vi\/2KBRzEkrgrY\/sddefault.jpg\" alt=\"Tirando o Acre da crise: metas e a\u00e7\u00f5es para transformar o estado, desafio em progresso real\">\t\n\t\t\t\t\t\t\t\t\t\t\t\t\t<\/div>\n\t\t\t\t\t<\/div>\n\t\t\t\t\t\t\t\t\t\t\t<h3 class=\"yotu-video-title\">Tirando o Acre da crise: metas e a\u00e7\u00f5es para transformar o estado, desafio em progresso real<\/h3>\n\t\t\t\t\t\t\t\t\t\t\t\t\t\t\t\t\t\t\t\t\t<div class=\"yotu-video-description\"><\/div>\n\t\t\t\t\t\t\t\t\t<\/a>\n\t\t\t\t\t\t\t<\/li>\n\t\t\t\t\n\t\t\t\t<\/ul>\n<\/div><div class=\"yotu-pagination yotu-pager_layout-default yotu-pagination-bottom\">\n<a href=\"#\" class=\"yotu-pagination-prev yotu-button-prs yotu-button-prs-1\" data-page=\"prev\">Prev<\/a>\n<span class=\"yotu-pagination-current\">1<\/span> <span>of<\/span> <span class=\"yotu-pagination-total\">97<\/span>\n<a href=\"#\" class=\"yotu-pagination-next yotu-button-prs yotu-button-prs-1\" data-page=\"next\">Next<\/a>\n<\/div>\n\t\t\t\t<\/div>\n\t\t\t<\/div>\n\t\t\t\n","protected":false},"excerpt":{"rendered":"Prev 1 of 97 Next AO VIVO: Gazeta Entrevista | 14\/05\/2026 | Afiliada RECORD AO VIVO: Gazeta Entrevista | 13\/05\/2026 | Afiliada RECORD AO VIVO: Gazeta Entrevista | 12\/05\/2026 | Afiliada RECORD AO VIVO: Gazeta Entrevista | 11\/05\/2026 | Afiliada RECORD AO VIVO: Gazeta Entrevista | 08\/05\/2026 | Afiliada RECORD AO VIVO: Gazeta Entrevista | [...]","protected":false},"author":1,"featured_media":0,"parent":0,"menu_order":0,"comment_status":"closed","ping_status":"closed","template":"","meta":{"jnews_page_loop":[],"jnews_single_page":[],"jnews_social_meta":[],"footnotes":""},"class_list":["post-69520","page","type-page","status-publish","hentry"],"yoast_head":"<!-- This site is optimized with the Yoast SEO plugin v26.5 - https:\/\/yoast.com\/wordpress\/plugins\/seo\/ -->\n<title>Gazeta Entrevista - Agazeta.net<\/title>\n<meta name=\"robots\" content=\"index, follow, max-snippet:-1, max-image-preview:large, max-video-preview:-1\" \/>\n<link rel=\"canonical\" href=\"https:\/\/nk7-testes.com.br\/agazeta\/gazeta-entrevista\/\" \/>\n<meta property=\"og:locale\" content=\"pt_BR\" \/>\n<meta property=\"og:type\" content=\"article\" \/>\n<meta property=\"og:title\" content=\"Gazeta Entrevista - Agazeta.net\" \/>\n<meta property=\"og:url\" content=\"https:\/\/nk7-testes.com.br\/agazeta\/gazeta-entrevista\/\" \/>\n<meta property=\"og:site_name\" content=\"Agazeta.net\" \/>\n<meta property=\"article:modified_time\" content=\"2021-07-02T13:11:17+00:00\" \/>\n<meta name=\"twitter:card\" content=\"summary_large_image\" \/>\n<script type=\"application\/ld+json\" class=\"yoast-schema-graph\">{\"@context\":\"https:\/\/schema.org\",\"@graph\":[{\"@type\":\"WebPage\",\"@id\":\"https:\/\/nk7-testes.com.br\/agazeta\/gazeta-entrevista\/\",\"url\":\"https:\/\/nk7-testes.com.br\/agazeta\/gazeta-entrevista\/\",\"name\":\"Gazeta Entrevista - Agazeta.net\",\"isPartOf\":{\"@id\":\"https:\/\/nk7-testes.com.br\/agazeta\/#website\"},\"datePublished\":\"2021-05-24T00:50:21+00:00\",\"dateModified\":\"2021-07-02T13:11:17+00:00\",\"breadcrumb\":{\"@id\":\"https:\/\/nk7-testes.com.br\/agazeta\/gazeta-entrevista\/#breadcrumb\"},\"inLanguage\":\"pt-BR\",\"potentialAction\":[{\"@type\":\"ReadAction\",\"target\":[\"https:\/\/nk7-testes.com.br\/agazeta\/gazeta-entrevista\/\"]}]},{\"@type\":\"BreadcrumbList\",\"@id\":\"https:\/\/nk7-testes.com.br\/agazeta\/gazeta-entrevista\/#breadcrumb\",\"itemListElement\":[{\"@type\":\"ListItem\",\"position\":1,\"name\":\"In\u00edcio\",\"item\":\"https:\/\/nk7-testes.com.br\/agazeta\/\"},{\"@type\":\"ListItem\",\"position\":2,\"name\":\"Gazeta Entrevista\"}]},{\"@type\":\"WebSite\",\"@id\":\"https:\/\/nk7-testes.com.br\/agazeta\/#website\",\"url\":\"https:\/\/nk7-testes.com.br\/agazeta\/\",\"name\":\"Agazeta.net\",\"description\":\"Agazeta.net - Not\u00edcias de Rio Branco\/AC\",\"potentialAction\":[{\"@type\":\"SearchAction\",\"target\":{\"@type\":\"EntryPoint\",\"urlTemplate\":\"https:\/\/nk7-testes.com.br\/agazeta\/?s={search_term_string}\"},\"query-input\":{\"@type\":\"PropertyValueSpecification\",\"valueRequired\":true,\"valueName\":\"search_term_string\"}}],\"inLanguage\":\"pt-BR\"}]}<\/script>\n<!-- \/ Yoast SEO plugin. -->","yoast_head_json":{"title":"Gazeta Entrevista - Agazeta.net","robots":{"index":"index","follow":"follow","max-snippet":"max-snippet:-1","max-image-preview":"max-image-preview:large","max-video-preview":"max-video-preview:-1"},"canonical":"https:\/\/nk7-testes.com.br\/agazeta\/gazeta-entrevista\/","og_locale":"pt_BR","og_type":"article","og_title":"Gazeta Entrevista - Agazeta.net","og_url":"https:\/\/nk7-testes.com.br\/agazeta\/gazeta-entrevista\/","og_site_name":"Agazeta.net","article_modified_time":"2021-07-02T13:11:17+00:00","twitter_card":"summary_large_image","schema":{"@context":"https:\/\/schema.org","@graph":[{"@type":"WebPage","@id":"https:\/\/nk7-testes.com.br\/agazeta\/gazeta-entrevista\/","url":"https:\/\/nk7-testes.com.br\/agazeta\/gazeta-entrevista\/","name":"Gazeta Entrevista - Agazeta.net","isPartOf":{"@id":"https:\/\/nk7-testes.com.br\/agazeta\/#website"},"datePublished":"2021-05-24T00:50:21+00:00","dateModified":"2021-07-02T13:11:17+00:00","breadcrumb":{"@id":"https:\/\/nk7-testes.com.br\/agazeta\/gazeta-entrevista\/#breadcrumb"},"inLanguage":"pt-BR","potentialAction":[{"@type":"ReadAction","target":["https:\/\/nk7-testes.com.br\/agazeta\/gazeta-entrevista\/"]}]},{"@type":"BreadcrumbList","@id":"https:\/\/nk7-testes.com.br\/agazeta\/gazeta-entrevista\/#breadcrumb","itemListElement":[{"@type":"ListItem","position":1,"name":"In\u00edcio","item":"https:\/\/nk7-testes.com.br\/agazeta\/"},{"@type":"ListItem","position":2,"name":"Gazeta Entrevista"}]},{"@type":"WebSite","@id":"https:\/\/nk7-testes.com.br\/agazeta\/#website","url":"https:\/\/nk7-testes.com.br\/agazeta\/","name":"Agazeta.net","description":"Agazeta.net - Not\u00edcias de Rio Branco\/AC","potentialAction":[{"@type":"SearchAction","target":{"@type":"EntryPoint","urlTemplate":"https:\/\/nk7-testes.com.br\/agazeta\/?s={search_term_string}"},"query-input":{"@type":"PropertyValueSpecification","valueRequired":true,"valueName":"search_term_string"}}],"inLanguage":"pt-BR"}]}},"_links":{"self":[{"href":"https:\/\/nk7-testes.com.br\/agazeta\/wp-json\/wp\/v2\/pages\/69520","targetHints":{"allow":["GET"]}}],"collection":[{"href":"https:\/\/nk7-testes.com.br\/agazeta\/wp-json\/wp\/v2\/pages"}],"about":[{"href":"https:\/\/nk7-testes.com.br\/agazeta\/wp-json\/wp\/v2\/types\/page"}],"author":[{"embeddable":true,"href":"https:\/\/nk7-testes.com.br\/agazeta\/wp-json\/wp\/v2\/users\/1"}],"replies":[{"embeddable":true,"href":"https:\/\/nk7-testes.com.br\/agazeta\/wp-json\/wp\/v2\/comments?post=69520"}],"version-history":[{"count":0,"href":"https:\/\/nk7-testes.com.br\/agazeta\/wp-json\/wp\/v2\/pages\/69520\/revisions"}],"wp:attachment":[{"href":"https:\/\/nk7-testes.com.br\/agazeta\/wp-json\/wp\/v2\/media?parent=69520"}],"curies":[{"name":"wp","href":"https:\/\/api.w.org\/{rel}","templated":true}]}}